r of 476 and w?
68
Suppose -21 = 3*c - 3*h, 0 = 3*c - 2*h + 8 + 8. Let k be (-1)/c + 1145/10. What is the highest common factor of 46 and k?
23
Suppose -2*v - 174 = -186, 2*v = -5*g + 237. Calculate the greatest common factor of 621 and g.
9
Let n be 4 + (64/56 - 1/7). Suppose -7*o - 4*z + 110 = -6*o, -3*z + 465 = n*o. What is the highest common divisor of o and 6?
6
Let p be (-334)/(-30) - (-14)/(-105). Let x be 128/22 + 2/p. Suppose 14 - 248 = -x*i. Calculate the greatest common divisor of 39 and i.
39
Let s = -3201 - -3263. Calculate the greatest common divisor of 1333 and s.
31
Suppose -a - 3 = 5*b, -b = 4*a - 0*b - 7. Suppose -11 = a*d + 9. Let h be (-30)/3*d/4. What is the highest common factor of 225 and h?
25
Let l(r) = r**3 - 38*r**2 - r + 124. Let a be l(39). Calculate the greatest common factor of a and 176.
22
Let k(b) = -9*b**3 + b**2 + 6*b - 9. Let f be k(2). Let w = -90 - f. Let d = -17 - w. Calculate the greatest common divisor of 4 and d.
4
Let o(f) = f**2 - 2*f + 1. Let k be o(1). Suppose k = -4*q + 2*q + 20. Let s = 880 + -840. What is the highest common divisor of q and s?
10
Let s(y) = -2*y**3 - 54*y**2 + 34*y + 240. Let n be s(-29). Calculate the greatest common divisor of n and 1547.
119
Let m be ((-3)/(-6))/((-204)/(-17) - 105400/8784). Calculate the highest common factor of m and 4819.
61
Let d = 687 + -870. Let k = -63 + -8. Let u = k - d. Calculate the highest common divisor of u and 7.
7
Let p be 27225/110*16/6. What is the greatest common divisor of 300 and p?
60
Let u(x) = -3*x - 15*x**2 + 31*x**2 - 4*x - 7*x**2 - 20. Let b be u(5). Calculate the highest common divisor of 17 and b.
17
Suppose 2*z + 106 = 3*k, 0 = -k + 5*k + 3*z - 113. Let u = k + -8. Let l = 65 - u. Calculate the greatest common divisor of 41 and l.
41
Let b(z) = -z**3 - z**2 + z + 7. Let k be b(0). Let l = -16 + 45. Suppose -l + 1 = -4*p. Calculate the highest common factor of k and p.
7
Suppose -947*i + 956*i - 1188 = 0. Calculate the highest common divisor of 429 and i.
33
Let j(a) = -5*a + 224 - 296 + 186. Let k be j(13). What is the highest common factor of 7 and k?
7
Suppose 2286*y - i = 2284*y + 573, -2*y + 561 = -5*i. Calculate the highest common divisor of 152 and y.
8
Let u be (-121)/(-7) + (-4)/14. Let x be (4 - -59)/(3/4). Let k = 1 + x. Calculate the greatest common divisor of k and u.
17
Suppose 94716 = 104*y - 121604. What is the greatest common factor of y and 195?
65
Let s(i) = 11*i + 1245. Let g be s(15). Calculate the highest common divisor of 6 and g.
6
Suppose 0 = 138*p - 11081 + 41. What is the highest common divisor of 1808 and p?
16
Let d be (-355)/1065*(-212 - -2). What is the greatest common divisor of 1190 and d?
70
Let m(x) = x**3 - 16*x**2 + 18*x - 12. Let v be m(15). Let o be (60/18)/(8/396). Calculate the greatest common divisor of v and o.
33
Let f(z) = z**2 + 7*z + 2. Let m be f(2). Suppose -k = 5, y + 3*k - m - 25 = 0. What is the greatest common divisor of y and 6?
6
Let t(x) = -23*x**3 - 28*x**2 - 60*x - 1. Let p be t(-9). What is the greatest common factor of p and 618?
206
Suppose 4*s + 4*g + 0*g - 48 = 0, 30 = 2*s + 4*g. Let p be (-288)/112*(-2 - (-68)/6). Let z = p + 33. What is the greatest common factor of z and s?
9
Suppose 5*r - 60 = 743 - 23. What is the greatest common divisor of 832 and r?
52
Suppose 0 = -14*q + 18*q - 476. Let s be (-2 - 64)/(4 - q/28). What is the greatest common divisor of 33 and s?
33
Let p be 70/(-45) + 706224/216 - 8/1. Calculate the greatest common divisor of p and 260.
20
Let s = 70 + -70. Let h be -1429 + (3 + s)/(-1). Let n be ((-24)/(-9))/(-4) + h/(-6). What is the greatest common divisor of 34 and n?
34
Suppose -47309 - 24721 = -21*i. Calculate the greatest common factor of 140 and i.
70
Suppose x + 30*x = 279. Suppose -3*p - 6 = -x, 4*p = 2*i - 20. Let y be -6*(1 + (-68)/12). What is the greatest common divisor of i and y?
4
Let p(w) be the first derivative of -w**3/3 + 57*w**2/2 - 77*w - 209. Let g be p(54). What is the greatest common factor of g and 340?
85
Suppose -8*a = -6*a - 6. Suppose a*y = 235 - 214. Calculate the highest common factor of y and 91.
7
Let n be -11 + 15/(75/2515). Calculate the highest common divisor of 336 and n.
12
Let v = -229 - -339. Let s be (-36)/36 + (-7)/((-35)/205). Calculate the highest common divisor of s and v.
10
Let f(w) = 70*w + 3886. Let t be f(28). What is the highest common factor of 158 and t?
158
Let o = -428 + 487. Let u = o + -19. What is the highest common factor of 180 and u?
20
Suppose 2*z - 85112 = -2*a, -a + 785*z + 42576 = 790*z. What is the highest common factor of a and 17?
17
Let s(f) = -519*f + 999. Let h be s(-1). Calculate the greatest common factor of 690 and h.
138
Let y = 11599 + -11410. Calculate the highest common divisor of 3699 and y.
27
Suppose -3*p - 2512 + 234 = -r, -4*p = -28. What is the greatest common factor of 627 and r?
209
Let w be 4 - (-79)/((-16)/(-12) - 1). Let b = -87 + w. Calculate the greatest common divisor of 22 and b.
22
Suppose 19684 = 9*u + 19*u. Calculate the highest common divisor of u and 551.
19
Let g be 14/(15/(-10) - 6/(-3)). Suppose -12*c + 41 = -4098 - 1909. Calculate the greatest common divisor of c and g.
28
Let a = 26 - 25. Let c(r) = a - 5*r + 0*r**3 - 35 - 5*r + r**3 - 13*r**2. Let y be c(14). What is the greatest common divisor of y and 110?
22
Suppose -3*x + 1370 = -4*w + 9*w, -3*w = -4*x + 1817. What is the greatest common factor of 315 and x?
35
Suppose -47*q + 49*q = -466. Let i = -159 - q. Suppose 185 = 2*b - x, -x + i + 191 = 3*b. What is the highest common factor of 20 and b?
10
Let h(l) be the second derivative of -77*l**3/3 - 28*l**2 + 34*l. Let v be h(-8). Let i = v - 802. What is the highest common divisor of i and 34?
34
Let b = 28503 + -78. Calculate the greatest common divisor of 75 and b.
75
Suppose j = -5*j + 12. Suppose j*g = p + 176, -102 = -5*g + 4*g - 3*p. What is the greatest common divisor of 60 and g?
30
Let o = 251 - 368. Let y = -109 - o. Let b be ((-1)/(y/(-44)))/(1/58). Calculate the greatest common divisor of b and 29.
29
Let p = 33001 - 22067. Calculate the highest common divisor of 88 and p.
22
Suppose 7*x - x = -570. Let s = x + 99. Let f be (-105)/7*s/(-3). What is the greatest common divisor of f and 4?
4
Suppose 4*c + 11*d - 777 = 8*d, 3*c + d = 584. Suppose -11*x + c = -6*x. What is the greatest common factor of 6 and x?
3
Let n(s) = s**3 - 114*s**2 + 108*s + 609. Let o be n(113). What is the highest common factor of 2684 and o?
44
Let m = -7396 + 14551. Calculate the highest common divisor of 90 and m.
45
Let m = -109 - -166. Suppose 0 = -a + m - 59. Let w(s) = -3*s - 5. Let k be w(a). Calculate the highest common divisor of k and 3.
1
Let c(u) = -2*u**2 + 3*u**2 + 12 - 78*u + 89*u. Let y be c(-12). What is the highest common divisor of y and 264?
24
Let m be -2*((-3905)/10 + 0)*2. Suppose -11*c + m = -1078. Calculate the greatest common factor of 15 and c.
15
Let c be -4 + -8 + -6 + 3. Suppose 5*k + 2*d + 8508 = 0, -k = 4*k + 5*d + 8520. Let y be k/10*6/c. Calculate the highest common divisor of 170 and y.
34
Let k(v) = -10*v - 255. Let l be (12875/95)/(-5) - (-4)/38. Let u be k(l). What is the highest common factor of u and 1335?
15
Let v = -15 + 26. Let t be (-1592344)/(-9036) - ((-8)/18)/(-2). Calculate the highest common factor of v and t.
11
Let s(t) = 267*t**2 - 33*t - 140. Let b be s(-4). What is the highest common factor of 208 and b?
104
Let g be -20 + 18 + (0 - -52). Let o = 66 - g. Let t = 142 - 78. Calculate the highest common factor of o and t.
16
Let w = -35780 + 36036. What is the highest common divisor of w and 24832?
256
Suppose 92*l + 5069 = 15460 + 33769. What is the highest common divisor of l and 1380?
60
Suppose 295*l - 174 = 299*l + 3*n, -2*l + 2*n = 108. Suppose 0*r + 120 = r. Let a be (-90)/r*5/(10/l). Calculate the highest common divisor of a and 6.
6
Let f = 94 + -53. Suppose 0 = 3*v - 25 - f. Let t = 300 - 102. Calculate the greatest common divisor of t and v.
22
Let a be ((-1344)/5)/((-122)/610). Calculate the highest common factor of a and 2576.
112
Suppose -15*v - 94 + 4 = 0. Let i be (22/(-10)*v)/((-63)/(-210)). Suppose -j = -0*j - 4. Calculate the highest common divisor of j and i.
4
Suppose -337 = -